{"id":55,"date":"2024-02-08T17:36:48","date_gmt":"2024-02-08T17:36:48","guid":{"rendered":"https:\/\/uclab.web5.htwg-konstanz.de\/?page_id=55"},"modified":"2026-03-20T20:50:56","modified_gmt":"2026-03-20T18:50:56","slug":"team","status":"publish","type":"page","link":"https:\/\/uc-lab.in.htwg-konstanz.de\/?page_id=55","title":{"rendered":"Team"},"content":{"rendered":"\n<div class=\"wp-block-columns is-layout-flex wp-container-core-columns-is-layout-9d6595d7 wp-block-columns-is-layout-flex\">\n<div class=\"wp-block-column is-layout-flow wp-block-column-is-layout-flow\">\n<div class=\"wp-block-media-text is-stacked-on-mobile\"><figure class=\"wp-block-media-text__media\"><img loading=\"lazy\" decoding=\"async\" width=\"200\" height=\"200\" src=\"https:\/\/uc-lab.in.htwg-konstanz.de\/wp-content\/uploads\/2024\/02\/l_20181212111937.gif\" alt=\"\" class=\"wp-image-57 size-full\"\/><\/figure><div class=\"wp-block-media-text__content\">\n<h3 class=\"wp-block-heading\"><a href=\"https:\/\/uc-lab.in.htwg-konstanz.de\/?page_id=288\">Prof. Dr. Ralf Seepold<\/a><\/h3>\n\n\n\n<h4 class=\"wp-block-heading\">Chair Ubiquitous Computing<\/h4>\n<\/div><\/div>\n<\/div>\n\n\n\n<div class=\"wp-block-column is-layout-flow wp-block-column-is-layout-flow\"><\/div>\n<\/div>\n\n\n\n<div class=\"wp-block-columns is-layout-flex wp-container-core-columns-is-layout-9d6595d7 wp-block-columns-is-layout-flex\">\n<div class=\"wp-block-column is-layout-flow wp-block-column-is-layout-flow\">\n<hr class=\"wp-block-separator has-alpha-channel-opacity\"\/>\n\n\n\n<div class=\"wp-block-media-text is-stacked-on-mobile\"><figure class=\"wp-block-media-text__media\"><img loading=\"lazy\" decoding=\"async\" width=\"300\" height=\"296\" src=\"https:\/\/uc-lab.in.htwg-konstanz.de\/wp-content\/uploads\/2025\/11\/GiuliaMaria300.jpg\" alt=\"\" class=\"wp-image-705 size-full\" srcset=\"https:\/\/uc-lab.in.htwg-konstanz.de\/wp-content\/uploads\/2025\/11\/GiuliaMaria300.jpg 300w, https:\/\/uc-lab.in.htwg-konstanz.de\/wp-content\/uploads\/2025\/11\/GiuliaMaria300-100x100.jpg 100w\" sizes=\"auto, (max-width: 300px) 100vw, 300px\" \/><\/figure><div class=\"wp-block-media-text__content\">\n<h3 class=\"wp-block-heading\"><a href=\"https:\/\/uc-lab.in.htwg-konstanz.de\/?page_id=707\" data-type=\"link\" data-id=\"https:\/\/uc-lab.in.htwg-konstanz.de\/?page_id=707\">Dr. Giulia Maria Mattia<\/a><\/h3>\n\n\n\n<h4 class=\"wp-block-heading\">Senior Researcher<\/h4>\n<\/div><\/div>\n<\/div>\n\n\n\n<div class=\"wp-block-column is-layout-flow wp-block-column-is-layout-flow\">\n<hr class=\"wp-block-separator has-alpha-channel-opacity\"\/>\n<\/div>\n<\/div>\n\n\n\n<div class=\"wp-block-columns is-layout-flex wp-container-core-columns-is-layout-9d6595d7 wp-block-columns-is-layout-flex\">\n<div class=\"wp-block-column is-layout-flow wp-block-column-is-layout-flow\">\n<div class=\"wp-block-media-text is-stacked-on-mobile\"><figure class=\"wp-block-media-text__media\"><img loading=\"lazy\" decoding=\"async\" width=\"250\" height=\"298\" src=\"https:\/\/uc-lab.in.htwg-konstanz.de\/wp-content\/uploads\/2025\/11\/jvelez_300.png\" alt=\"\" class=\"wp-image-711 size-full\"\/><\/figure><div class=\"wp-block-media-text__content\">\n<h3 class=\"wp-block-heading\"><a href=\"https:\/\/uc-lab.in.htwg-konstanz.de\/?page_id=343\" data-type=\"link\" data-id=\"https:\/\/uc-lab.in.htwg-konstanz.de\/?page_id=343\">Daniel V\u00e9lez Guti\u00e9rrez (MSc)<\/a><\/h3>\n\n\n\n<h4 class=\"wp-block-heading\">Researcher<\/h4>\n<\/div><\/div>\n\n\n\n<hr class=\"wp-block-separator has-alpha-channel-opacity\"\/>\n<\/div>\n\n\n\n<div class=\"wp-block-column is-layout-flow wp-block-column-is-layout-flow\">\n<div class=\"wp-block-media-text is-stacked-on-mobile\"><figure class=\"wp-block-media-text__media\"><img loading=\"lazy\" decoding=\"async\" width=\"200\" height=\"200\" src=\"https:\/\/uc-lab.in.htwg-konstanz.de\/wp-content\/uploads\/2024\/05\/blank.png\" alt=\"\" class=\"wp-image-339 size-full\" srcset=\"https:\/\/uc-lab.in.htwg-konstanz.de\/wp-content\/uploads\/2024\/05\/blank.png 200w, https:\/\/uc-lab.in.htwg-konstanz.de\/wp-content\/uploads\/2024\/05\/blank-150x150.png 150w, https:\/\/uc-lab.in.htwg-konstanz.de\/wp-content\/uploads\/2024\/05\/blank-100x100.png 100w\" sizes=\"auto, (max-width: 200px) 100vw, 200px\" \/><\/figure><div class=\"wp-block-media-text__content\">\n<h3 class=\"wp-block-heading\"><\/h3>\n\n\n\n<h4 class=\"wp-block-heading\"><\/h4>\n<\/div><\/div>\n\n\n\n<hr class=\"wp-block-separator has-alpha-channel-opacity\"\/>\n<\/div>\n<\/div>\n\n\n\n<h2 class=\"wp-block-heading\">Visiting Professors<\/h2>\n\n\n\n<div class=\"wp-block-columns is-layout-flex wp-container-core-columns-is-layout-9d6595d7 wp-block-columns-is-layout-flex\">\n<div class=\"wp-block-column is-layout-flow wp-block-column-is-layout-flow\">\n<div class=\"wp-block-columns is-layout-flex wp-container-core-columns-is-layout-9d6595d7 wp-block-columns-is-layout-flex\">\n<div class=\"wp-block-column is-layout-flow wp-block-column-is-layout-flow\">\n<figure class=\"wp-block-image size-full\"><img loading=\"lazy\" decoding=\"async\" width=\"198\" height=\"198\" src=\"https:\/\/uc-lab.in.htwg-konstanz.de\/wp-content\/uploads\/2024\/02\/l_20201127093218.jpg\" alt=\"\" class=\"wp-image-61\" srcset=\"https:\/\/uc-lab.in.htwg-konstanz.de\/wp-content\/uploads\/2024\/02\/l_20201127093218.jpg 198w, https:\/\/uc-lab.in.htwg-konstanz.de\/wp-content\/uploads\/2024\/02\/l_20201127093218-150x150.jpg 150w\" sizes=\"auto, (max-width: 198px) 100vw, 198px\" \/><\/figure>\n<\/div>\n\n\n\n<div class=\"wp-block-column is-vertically-aligned-center is-layout-flow wp-block-column-is-layout-flow\">\n<h4 class=\"wp-block-heading\"><a href=\"https:\/\/uc-lab.in.htwg-konstanz.de\/?page_id=303\">Prof. Dr. Massimo Conti<\/a><\/h4>\n<\/div>\n<\/div>\n<\/div>\n\n\n\n<div class=\"wp-block-column is-layout-flow wp-block-column-is-layout-flow\">\n<div class=\"wp-block-media-text is-stacked-on-mobile\" style=\"grid-template-columns:47% auto\"><figure class=\"wp-block-media-text__media\"><img loading=\"lazy\" decoding=\"async\" width=\"203\" height=\"203\" src=\"https:\/\/uc-lab.in.htwg-konstanz.de\/wp-content\/uploads\/2024\/02\/l_20220920170454.png\" alt=\"\" class=\"wp-image-69 size-full\" srcset=\"https:\/\/uc-lab.in.htwg-konstanz.de\/wp-content\/uploads\/2024\/02\/l_20220920170454.png 203w, https:\/\/uc-lab.in.htwg-konstanz.de\/wp-content\/uploads\/2024\/02\/l_20220920170454-150x150.png 150w\" sizes=\"auto, (max-width: 203px) 100vw, 203px\" \/><\/figure><div class=\"wp-block-media-text__content\">\n<h4 class=\"wp-block-heading\"><a href=\"https:\/\/uc-lab.in.htwg-konstanz.de\/?page_id=307\">Prof. Dr. Natividad Mart\u00ednez Madrid<\/a><\/h4>\n<\/div><\/div>\n<\/div>\n<\/div>\n\n\n\n<div class=\"wp-block-columns is-layout-flex wp-container-core-columns-is-layout-9d6595d7 wp-block-columns-is-layout-flex\">\n<div class=\"wp-block-column is-layout-flow wp-block-column-is-layout-flow\">\n<div class=\"wp-block-columns is-layout-flex wp-container-core-columns-is-layout-9d6595d7 wp-block-columns-is-layout-flex\">\n<div class=\"wp-block-column is-layout-flow wp-block-column-is-layout-flow\">\n<figure class=\"wp-block-image size-full\"><img loading=\"lazy\" decoding=\"async\" width=\"217\" height=\"217\" src=\"https:\/\/uc-lab.in.htwg-konstanz.de\/wp-content\/uploads\/2024\/02\/l_20201124090712.jpg\" alt=\"\" class=\"wp-image-59\" srcset=\"https:\/\/uc-lab.in.htwg-konstanz.de\/wp-content\/uploads\/2024\/02\/l_20201124090712.jpg 217w, https:\/\/uc-lab.in.htwg-konstanz.de\/wp-content\/uploads\/2024\/02\/l_20201124090712-150x150.jpg 150w\" sizes=\"auto, (max-width: 217px) 100vw, 217px\" \/><\/figure>\n<\/div>\n\n\n\n<div class=\"wp-block-column is-layout-flow wp-block-column-is-layout-flow\">\n<h4 class=\"wp-block-heading\"><a href=\"https:\/\/uc-lab.in.htwg-konstanz.de\/?page_id=318\">Prof. Dr. Juan Antonio Ortega<\/a><\/h4>\n<\/div>\n<\/div>\n<\/div>\n\n\n\n<div class=\"wp-block-column is-layout-flow wp-block-column-is-layout-flow\">\n<div class=\"wp-block-columns is-layout-flex wp-container-core-columns-is-layout-9d6595d7 wp-block-columns-is-layout-flex\">\n<div class=\"wp-block-column is-layout-flow wp-block-column-is-layout-flow\">\n<figure class=\"wp-block-image size-full\"><img loading=\"lazy\" decoding=\"async\" width=\"200\" height=\"200\" src=\"https:\/\/uc-lab.in.htwg-konstanz.de\/wp-content\/uploads\/2024\/02\/l_20211123090608.jpg\" alt=\"\" class=\"wp-image-64\" srcset=\"https:\/\/uc-lab.in.htwg-konstanz.de\/wp-content\/uploads\/2024\/02\/l_20211123090608.jpg 200w, https:\/\/uc-lab.in.htwg-konstanz.de\/wp-content\/uploads\/2024\/02\/l_20211123090608-150x150.jpg 150w\" sizes=\"auto, (max-width: 200px) 100vw, 200px\" \/><\/figure>\n<\/div>\n\n\n\n<div class=\"wp-block-column is-layout-flow wp-block-column-is-layout-flow\">\n<h4 class=\"wp-block-heading\"><a href=\"https:\/\/uc-lab.in.htwg-konstanz.de\/?page_id=314\">Prof. Dr. Simone Orcioni<\/a><\/h4>\n<\/div>\n<\/div>\n<\/div>\n<\/div>\n\n\n\n<div class=\"wp-block-columns is-layout-flex wp-container-core-columns-is-layout-9d6595d7 wp-block-columns-is-layout-flex\">\n<div class=\"wp-block-column is-layout-flow wp-block-column-is-layout-flow\">\n<div class=\"wp-block-columns is-layout-flex wp-container-core-columns-is-layout-9d6595d7 wp-block-columns-is-layout-flex\">\n<div class=\"wp-block-column is-layout-flow wp-block-column-is-layout-flow\">\n<figure class=\"wp-block-image size-full\"><img loading=\"lazy\" decoding=\"async\" width=\"200\" height=\"200\" src=\"https:\/\/uc-lab.in.htwg-konstanz.de\/wp-content\/uploads\/2024\/02\/l_20190125203904.jpg\" alt=\"\" class=\"wp-image-58\" srcset=\"https:\/\/uc-lab.in.htwg-konstanz.de\/wp-content\/uploads\/2024\/02\/l_20190125203904.jpg 200w, https:\/\/uc-lab.in.htwg-konstanz.de\/wp-content\/uploads\/2024\/02\/l_20190125203904-150x150.jpg 150w\" sizes=\"auto, (max-width: 200px) 100vw, 200px\" \/><\/figure>\n<\/div>\n\n\n\n<div class=\"wp-block-column is-layout-flow wp-block-column-is-layout-flow\">\n<h4 class=\"wp-block-heading\"><a href=\"https:\/\/uc-lab.in.htwg-konstanz.de\/?page_id=322\">Prof. Dr. Juan Jos\u00e9 Perea Rodr\u00edguez<\/a><\/h4>\n<\/div>\n<\/div>\n<\/div>\n\n\n\n<div class=\"wp-block-column is-layout-flow wp-block-column-is-layout-flow\">\n<div class=\"wp-block-columns is-layout-flex wp-container-core-columns-is-layout-9d6595d7 wp-block-columns-is-layout-flex\">\n<div class=\"wp-block-column is-layout-flow wp-block-column-is-layout-flow\">\n<figure class=\"wp-block-image size-full\"><img loading=\"lazy\" decoding=\"async\" width=\"400\" height=\"400\" src=\"https:\/\/uc-lab.in.htwg-konstanz.de\/wp-content\/uploads\/2024\/02\/l_20201124151700.jpg\" alt=\"\" class=\"wp-image-60\" srcset=\"https:\/\/uc-lab.in.htwg-konstanz.de\/wp-content\/uploads\/2024\/02\/l_20201124151700.jpg 400w, https:\/\/uc-lab.in.htwg-konstanz.de\/wp-content\/uploads\/2024\/02\/l_20201124151700-300x300.jpg 300w, https:\/\/uc-lab.in.htwg-konstanz.de\/wp-content\/uploads\/2024\/02\/l_20201124151700-150x150.jpg 150w\" sizes=\"auto, (max-width: 400px) 100vw, 400px\" \/><\/figure>\n<\/div>\n\n\n\n<div class=\"wp-block-column is-layout-flow wp-block-column-is-layout-flow\">\n<h4 class=\"wp-block-heading\"><a href=\"https:\/\/uc-lab.in.htwg-konstanz.de\/?page_id=329\">Prof. Dr. \u00c1ngela del Robledo Troncoso Garc\u00eda<\/a><\/h4>\n<\/div>\n<\/div>\n<\/div>\n<\/div>\n\n\n\n<div class=\"wp-block-columns is-layout-flex wp-container-core-columns-is-layout-9d6595d7 wp-block-columns-is-layout-flex\">\n<div class=\"wp-block-column is-layout-flow wp-block-column-is-layout-flow\">\n<div class=\"wp-block-columns is-layout-flex wp-container-core-columns-is-layout-9d6595d7 wp-block-columns-is-layout-flex\">\n<div class=\"wp-block-column is-layout-flow wp-block-column-is-layout-flow\">\n<figure class=\"wp-block-image size-full\"><img loading=\"lazy\" decoding=\"async\" width=\"434\" height=\"400\" src=\"https:\/\/uc-lab.in.htwg-konstanz.de\/wp-content\/uploads\/2024\/02\/l_20220514020427.jpg\" alt=\"\" class=\"wp-image-66\" srcset=\"https:\/\/uc-lab.in.htwg-konstanz.de\/wp-content\/uploads\/2024\/02\/l_20220514020427.jpg 434w, https:\/\/uc-lab.in.htwg-konstanz.de\/wp-content\/uploads\/2024\/02\/l_20220514020427-300x276.jpg 300w\" sizes=\"auto, (max-width: 434px) 100vw, 434px\" \/><\/figure>\n<\/div>\n\n\n\n<div class=\"wp-block-column is-layout-flow wp-block-column-is-layout-flow\">\n<h4 class=\"wp-block-heading\"><a href=\"https:\/\/uc-lab.in.htwg-konstanz.de\/?page_id=310\">Prof. Dr. Ann Nosseir<\/a><\/h4>\n<\/div>\n<\/div>\n<\/div>\n\n\n\n<div class=\"wp-block-column is-layout-flow wp-block-column-is-layout-flow\"><\/div>\n<\/div>\n\n\n\n<div class=\"wp-block-columns is-layout-flex wp-container-core-columns-is-layout-9d6595d7 wp-block-columns-is-layout-flex\">\n<div class=\"wp-block-column is-layout-flow wp-block-column-is-layout-flow\">\n<h2 class=\"wp-block-heading\">Visiting Researchers<\/h2>\n<\/div>\n<\/div>\n\n\n\n<div class=\"wp-block-columns is-layout-flex wp-container-core-columns-is-layout-9d6595d7 wp-block-columns-is-layout-flex\">\n<div class=\"wp-block-column is-layout-flow wp-block-column-is-layout-flow\">\n<div class=\"wp-block-columns is-layout-flex wp-container-core-columns-is-layout-9d6595d7 wp-block-columns-is-layout-flex\">\n<div class=\"wp-block-column is-layout-flow wp-block-column-is-layout-flow\">\n<figure class=\"wp-block-image size-large\"><img loading=\"lazy\" decoding=\"async\" width=\"1024\" height=\"1024\" src=\"https:\/\/uc-lab.in.htwg-konstanz.de\/wp-content\/uploads\/2025\/07\/embc_9557_3-1024x1024.jpg\" alt=\"\" class=\"wp-image-676\" srcset=\"https:\/\/uc-lab.in.htwg-konstanz.de\/wp-content\/uploads\/2025\/07\/embc_9557_3-1024x1024.jpg 1024w, https:\/\/uc-lab.in.htwg-konstanz.de\/wp-content\/uploads\/2025\/07\/embc_9557_3-300x300.jpg 300w, https:\/\/uc-lab.in.htwg-konstanz.de\/wp-content\/uploads\/2025\/07\/embc_9557_3-150x150.jpg 150w, https:\/\/uc-lab.in.htwg-konstanz.de\/wp-content\/uploads\/2025\/07\/embc_9557_3-768x768.jpg 768w, https:\/\/uc-lab.in.htwg-konstanz.de\/wp-content\/uploads\/2025\/07\/embc_9557_3-1536x1536.jpg 1536w, https:\/\/uc-lab.in.htwg-konstanz.de\/wp-content\/uploads\/2025\/07\/embc_9557_3-2048x2048.jpg 2048w, https:\/\/uc-lab.in.htwg-konstanz.de\/wp-content\/uploads\/2025\/07\/embc_9557_3-100x100.jpg 100w\" sizes=\"auto, (max-width: 1024px) 100vw, 1024px\" \/><\/figure>\n<\/div>\n\n\n\n<div class=\"wp-block-column is-layout-flow wp-block-column-is-layout-flow\">\n<h4 class=\"wp-block-heading\"><a href=\"https:\/\/uc-lab.in.htwg-konstanz.de\/?page_id=292\">Dr. Maksym Gaiduk<\/a><\/h4>\n<\/div>\n<\/div>\n<\/div>\n\n\n\n<div class=\"wp-block-column is-layout-flow wp-block-column-is-layout-flow\">\n<div class=\"wp-block-columns is-layout-flex wp-container-core-columns-is-layout-9d6595d7 wp-block-columns-is-layout-flex\">\n<div class=\"wp-block-column is-layout-flow wp-block-column-is-layout-flow\">\n<figure class=\"wp-block-image size-full\"><img loading=\"lazy\" decoding=\"async\" width=\"400\" height=\"400\" src=\"https:\/\/uc-lab.in.htwg-konstanz.de\/wp-content\/uploads\/2024\/02\/l_20221007182212.jpg\" alt=\"\" class=\"wp-image-70\" srcset=\"https:\/\/uc-lab.in.htwg-konstanz.de\/wp-content\/uploads\/2024\/02\/l_20221007182212.jpg 400w, https:\/\/uc-lab.in.htwg-konstanz.de\/wp-content\/uploads\/2024\/02\/l_20221007182212-300x300.jpg 300w, https:\/\/uc-lab.in.htwg-konstanz.de\/wp-content\/uploads\/2024\/02\/l_20221007182212-150x150.jpg 150w\" sizes=\"auto, (max-width: 400px) 100vw, 400px\" \/><\/figure>\n<\/div>\n\n\n\n<div class=\"wp-block-column is-layout-flow wp-block-column-is-layout-flow\">\n<h4 class=\"wp-block-heading\"><a href=\"https:\/\/uc-lab.in.htwg-konstanz.de\/?page_id=326\">Dr. \u00c1ngel Serrano Alarc\u00f3n<\/a><\/h4>\n<\/div>\n<\/div>\n<\/div>\n<\/div>\n\n\n\n<p><\/p>\n","protected":false},"excerpt":{"rendered":"<p>Prof. Dr. Ralf Seepold Chair Ubiquitous Computing Dr. Giulia Maria Mattia Senior Researcher Daniel V\u00e9lez Guti\u00e9rrez (MSc) Researcher Visiting Professors Prof. Dr. Massimo Conti Prof. Dr. Natividad Mart\u00ednez Madrid Prof. Dr. Juan Antonio Ortega Prof. Dr. Simone Orcioni Prof. Dr. Juan Jos\u00e9 Perea Rodr\u00edguez Prof. Dr. \u00c1ngela del Robledo Troncoso Garc\u00eda Prof. Dr. Ann Nosseir [&hellip;]<\/p>\n","protected":false},"author":1,"featured_media":0,"parent":0,"menu_order":0,"comment_status":"closed","ping_status":"closed","template":"","meta":{"footnotes":""},"categories":[],"class_list":["post-55","page","type-page","status-publish","hentry"],"_links":{"self":[{"href":"https:\/\/uc-lab.in.htwg-konstanz.de\/index.php?rest_route=\/wp\/v2\/pages\/55","targetHints":{"allow":["GET"]}}],"collection":[{"href":"https:\/\/uc-lab.in.htwg-konstanz.de\/index.php?rest_route=\/wp\/v2\/pages"}],"about":[{"href":"https:\/\/uc-lab.in.htwg-konstanz.de\/index.php?rest_route=\/wp\/v2\/types\/page"}],"author":[{"embeddable":true,"href":"https:\/\/uc-lab.in.htwg-konstanz.de\/index.php?rest_route=\/wp\/v2\/users\/1"}],"replies":[{"embeddable":true,"href":"https:\/\/uc-lab.in.htwg-konstanz.de\/index.php?rest_route=%2Fwp%2Fv2%2Fcomments&post=55"}],"version-history":[{"count":48,"href":"https:\/\/uc-lab.in.htwg-konstanz.de\/index.php?rest_route=\/wp\/v2\/pages\/55\/revisions"}],"predecessor-version":[{"id":957,"href":"https:\/\/uc-lab.in.htwg-konstanz.de\/index.php?rest_route=\/wp\/v2\/pages\/55\/revisions\/957"}],"wp:attachment":[{"href":"https:\/\/uc-lab.in.htwg-konstanz.de\/index.php?rest_route=%2Fwp%2Fv2%2Fmedia&parent=55"}],"wp:term":[{"taxonomy":"category","embeddable":true,"href":"https:\/\/uc-lab.in.htwg-konstanz.de\/index.php?rest_route=%2Fwp%2Fv2%2Fcategories&post=55"}],"curies":[{"name":"wp","href":"https:\/\/api.w.org\/{rel}","templated":true}]}}